r when 1274 is divided by 316.
10
Calculate the remainder when 231 is divided by 57.
3
What is the remainder when 115 is divided by 60?
55
Calculate the remainder when 24023 is divided by 231.
230
What is the remainder when 1136 is divided by 20?
16
Calculate the remainder when 2851 is divided by 238.
233
What is the remainder when 147 is divided by 33?
15
Calculate the remainder when 60 is divided by 11.
5
Calculate the remainder when 1267 is divided by 53.
48
Calculate the remainder when 68 is divided by 54.
14
What is the remainder when 124 is divided by 18?
16
Calculate the remainder when 20935 is divided by 4.
3
Calculate the remainder when 112 is divided by 15.
7
Calculate the remainder when 852 is divided by 276.
24
Calculate the remainder when 326 is divided by 67.
58
What is the remainder when 682 is divided by 324?
34
What is the remainder when 2237 is divided by 76?
33
Calculate the remainder when 106 is divided by 27.
25
What is the remainder when 32 is divided by 7?
4
What is the remainder when 3151 is divided by 94?
49
What is the remainder when 2357 is divided by 81?
8
Calculate the remainder when 574 is divided by 34.
30
What is the remainder when 154 is divided by 78?
76
What is the remainder when 699 is divided by 87?
3
What is the remainder when 6285 is divided by 2092?
9
Calculate the remainder when 18938 is divided by 14.
10
What is the remainder when 199 is divided by 17?
12
What is the remainder when 320 is divided by 109?
102
Calculate the remainder when 47 is divided by 23.
1
What is the remainder when 323 is divided by 55?
48
Calculate the remainder when 1246 is divided by 31.
6
Calculate the remainder when 13698 is divided by 31.
27
What is the remainder when 409 is divided by 367?
42
What is the remainder when 119 is divided by 26?
15
Calculate the remainder when 1260 is divided by 115.
110
What is the remainder when 418 is divided by 199?
20
What is the remainder when 232 is divided by 60?
52
Calculate the remainder when 293 is divided by 112.
69
What is the remainder when 558 is divided by 80?
78
Calculate the remainder when 1991 is divided by 21.
17
Calculate the remainder when 269 is divided by 49.
24
What is the remainder when 271 is divided by 13?
11
What is the remainder when 85758 is divided by 256?
254
Calculate the remainder when 1132 is divided by 162.
160
What is the remainder when 3202 is divided by 73?
63
What is the remainder when 631 is divided by 61?
21
Calculate the remainder when 1389 is divided by 198.
3
What is the remainder when 4407 is divided by 152?
151
Calculate the remainder when 231 is divided by 126.
105
What is the remainder when 1528 is divided by 18?
16
Calculate the remainder when 378 is divided by 93.
6
Calculate the remainder when 272 is divided by 137.
135
What is the remainder when 116 is divided by 40?
36
What is the remainder when 376 is divided by 2?
0
Calculate the remainder when 219 is divided by 14.
9
Calculate the remainder when 201 is divided by 69.
63
Calculate the remainder when 468 is divided by 78.
0
What is the remainder when 762 is divided by 188?
10
Calculate the remainder when 120 is divided by 42.
36
Calculate the remainder when 1099 is divided by 19.
16
What is the remainder when 1319 is divided by 78?
71
What is the remainder when 2672 is divided by 665?
12
What is the remainder when 712 is divided by 65?
62
What is the remainder when 503 is divided by 56?
55
Calculate the remainder when 744 is divided by 3.
0
Calculate the remainder when 550 is divided by 169.
43
What is the remainder when 1785 is divided by 162?
3
Calculate the remainder when 697 is divided by 140.
137
What is the remainder when 510 is divided by 32?
30
What is the remainder when 289 is divided by 100?
89
What is the remainder when 3239 is divided by 72?
71
Calculate the remainder when 297 is divided by 20.
17
Calculate the remainder when 106 is divided by 104.
2
What is the remainder when 223 is divided by 41?
18
What is the remainder when 92 is divided by 17?
7
What is the remainder when 332 is divided by 8?
4
What is the remainder when 180 is divided by 95?
85
Calculate the remainder when 2584 is divided by 184.
8
Calculate the remainder when 762 is divided by 51.
48
Calculate the remainder when 208 is divided by 10.
8
Calculate the remainder when 38 is divided by 7.
3
Calculate the remainder when 600 is divided by 47.
36
Calculate the remainder when 1240 is divided by 11.
8
Calculate the remainder when 21871 is divided by 125.
121
What is the remainder when 71 is divided by 19?
14
Calculate the remainder when 753 is divided by 149.
8
Calculate the remainder when 3987 is divided by 105.
102
What is the remainder when 218 is divided by 74?
70
What is the remainder when 799 is divided by 103?
78
Calculate the remainder when 857 is divided by 22.
21
Calculate the remainder when 1625 is divided by 74.
71
Calculate the remainder when 82 is divided by 26.
4
What is the remainder when 142 is divided by 75?
67
What is the remainder when 267 is divided by 17?
12
Calculate the remainder when 4825 is divided by 68.
65
Calculate the remainder when 308 is divided by 126.
56
Calculate the remainder when 102 is divided by 18.
12
What is the remainder when 624 is divided by 106?
94
Calculate the remainder when 924 is divided by 160.
124
Calculate the remainder when 32 is divided by 13.
6
What is the remainder when 53 is divided by 43?
10
Calculate the remainder when 1606 is divided by 59.
13
Calculate the remainder when 320 is divided by 83.
71
Calculate the remainder when 984 is divided by 18.
12
What is the remainder when 543 is divided by 4?
3
Calculate the remainder when 446 is divided by 72.
14
What is the remainder when 987 is divided by 66?
63
What is the remainder when 217 is divided by 34?
13
Calculate the remainder when 4821 is divided by 402.
399
Calculate the remainder when 1431 is divided by 8.
7
Calculate the remainder when 213 is divided by 43.
41
Calculate the remainder when 43 is divided by 8.
3
Calculate the remainder when 1971 is divided by 10.
1
What is the remainder when 288 is divided by 117?
54
Calculate the remainder when 728 is divided by 98.
42
What is the remainder when 171 is divided by 8?
3
What is the remainder when 248 is divided by 18?
14
What is the remainder when 882 is divided by 24?
18
Calculate the remainder when 181 is divided by 28.
13
What is the remainder when 213 is divided by 33?
15
Calculate the remainder when 660 is divided by 26.
10
What is the remainder when 16377 is divided by 84?
81
Calculate the remainder when 305 is divided by 18.
17
Calculate the remainder when 35 is divided by 13.
9
Calculate the remainder when 133 is divided by 36.
25
Calculate the remainder when 1679 is divided by 70.
69
Calculate the remainder when 667 is divided by 134.
131
What is the remainder when 350 is divided by 61?
45
Calculate the remainder when 4617 is divided by 67.
61
Calculate the remainder when 816 is divided by 259.
39
Calculate the remainder when 18337 is divided by 106.
105
What is the remainder when 158 is divided by 32?
30
What is the remainder when 667 is divided by 210?
37
Calculate the remainder when 2078 is divided by 65.
63
What is the remainder when 4818 is divided by 34?
24
What is the remainder when 152 is divided by 26?
22
What is the remainder when 2290 is divided by 82?
76
What is the remainder when 3442 is divided by 28?
26
What is the remainder when 997 is divided by 14?
3
Calculate the remainder when 1056 is divided by 69.
21
What is the remainder when 2027 is divided by 13?
12
Calculate the remainder when 39140 is divided by 13.
10
What is the remainder when 835 is divided by 218?
181
What is the remainder when 64 is divided by 13?
12
What is the remainder when 126 is divided by 13?
9
What is the remainder when 1529 is divided by 30?
29
Calculate the remainder when 182 is divided by 17.
12
Calculate the remainder when 3598 is divided by 13.
10
Calculate the remainder when 7094 is divided by 49.
38
What is the remainder when 346 is divided by 25?
21
Calculate the remainder when 1087 is divided by 13.
8
What is the remainder when 174 is divided by 45?
39
What is the remainder when 2038 is divided by 15?
13
Calculate the remainder when 137 is divid